{"id":10168,"date":"2021-11-25T15:52:17","date_gmt":"2021-11-25T18:52:17","guid":{"rendered":"https:\/\/sistemafibra.alexholanda.com.br\/fibra\/?page_id=828"},"modified":"2022-04-12T06:21:14","modified_gmt":"2022-04-12T09:21:14","slug":"elementor-828","status":"publish","type":"page","link":"https:\/\/sistemafibra.alexholanda.com.br\/fibra\/elementor-828\/","title":{"rendered":"Diretoria"},"content":{"rendered":"\t\t<div data-elementor-type=\"wp-post\" data-elementor-id=\"10168\" class=\"elementor elementor-10168\">\n\t\t\t\t\t\t<section class=\"elementor-section elementor-top-section elementor-element elementor-element-3e0592a elementor-section-boxed elementor-section-height-default elementor-section-height-default\" data-id=\"3e0592a\" data-element_type=\"section\" data-e-type=\"section\" data-settings=\"{&quot;background_background&quot;:&quot;gradient&quot;}\">\n\t\t\t\t\t\t<div class=\"elementor-container elementor-column-gap-default\">\n\t\t\t\t\t<div class=\"elementor-column elementor-col-100 elementor-top-column elementor-element elementor-element-e7467f5\" data-id=\"e7467f5\" data-element_type=\"column\" data-e-type=\"column\" data-settings=\"{&quot;background_background&quot;:&quot;classic&quot;}\">\n\t\t\t<div class=\"elementor-widget-wrap elementor-element-populated\">\n\t\t\t\t\t\t<div class=\"elementor-element elementor-element-96d9e09 elementor-widget elementor-widget-breadcrumbs\" data-id=\"96d9e09\" data-element_type=\"widget\" data-e-type=\"widget\" data-widget_type=\"breadcrumbs.default\">\n\t\t\t\t<div class=\"elementor-widget-container\">\n\t\t\t\t\t<p id=\"breadcrumbs\"><span><span><a href=\"https:\/\/sistemafibra.alexholanda.com.br\/fibra\/\"><i class=\"fas fa-home\"><\/i><\/a><\/span><\/span><\/p>\t\t\t\t<\/div>\n\t\t\t\t<\/div>\n\t\t\t\t\t<\/div>\n\t\t<\/div>\n\t\t\t\t\t<\/div>\n\t\t<\/section>\n\t\t\t\t<section class=\"elementor-section elementor-top-section elementor-element elementor-element-ad54654 elementor-section-boxed elementor-section-height-default elementor-section-height-default\" data-id=\"ad54654\" data-element_type=\"section\" data-e-type=\"section\">\n\t\t\t\t\t\t<div class=\"elementor-container elementor-column-gap-default\">\n\t\t\t\t\t<div class=\"elementor-column elementor-col-33 elementor-top-column elementor-element elementor-element-c06481f\" data-id=\"c06481f\" data-element_type=\"column\" data-e-type=\"column\">\n\t\t\t<div class=\"elementor-widget-wrap elementor-element-populated\">\n\t\t\t\t\t\t<div class=\"elementor-element elementor-element-8143d1d elementor-widget-divider--view-line elementor-widget elementor-widget-divider\" data-id=\"8143d1d\" data-element_type=\"widget\" data-e-type=\"widget\" data-widget_type=\"divider.default\">\n\t\t\t\t<div class=\"elementor-widget-container\">\n\t\t\t\t\t\t\t<div class=\"elementor-divider\">\n\t\t\t<span class=\"elementor-divider-separator\">\n\t\t\t\t\t\t<\/span>\n\t\t<\/div>\n\t\t\t\t\t\t<\/div>\n\t\t\t\t<\/div>\n\t\t\t\t\t<\/div>\n\t\t<\/div>\n\t\t\t\t<div class=\"elementor-column elementor-col-33 elementor-top-column elementor-element elementor-element-3f5e1ef\" data-id=\"3f5e1ef\" data-element_type=\"column\" data-e-type=\"column\">\n\t\t\t<div class=\"elementor-widget-wrap elementor-element-populated\">\n\t\t\t\t\t\t<div class=\"elementor-element elementor-element-301bb71 elementor-widget elementor-widget-heading\" data-id=\"301bb71\" data-element_type=\"widget\" data-e-type=\"widget\" data-widget_type=\"heading.default\">\n\t\t\t\t<div class=\"elementor-widget-container\">\n\t\t\t\t\t<h1 class=\"elementor-heading-title elementor-size-xl\">Diretoria<\/h1>\t\t\t\t<\/div>\n\t\t\t\t<\/div>\n\t\t\t\t\t<\/div>\n\t\t<\/div>\n\t\t\t\t<div class=\"elementor-column elementor-col-33 elementor-top-column elementor-element elementor-element-3742427\" data-id=\"3742427\" data-element_type=\"column\" data-e-type=\"column\">\n\t\t\t<div class=\"elementor-widget-wrap elementor-element-populated\">\n\t\t\t\t\t\t<div class=\"elementor-element elementor-element-6052c6c elementor-widget-divider--view-line elementor-widget elementor-widget-divider\" data-id=\"6052c6c\" data-element_type=\"widget\" data-e-type=\"widget\" data-widget_type=\"divider.default\">\n\t\t\t\t<div class=\"elementor-widget-container\">\n\t\t\t\t\t\t\t<div class=\"elementor-divider\">\n\t\t\t<span class=\"elementor-divider-separator\">\n\t\t\t\t\t\t<\/span>\n\t\t<\/div>\n\t\t\t\t\t\t<\/div>\n\t\t\t\t<\/div>\n\t\t\t\t\t<\/div>\n\t\t<\/div>\n\t\t\t\t\t<\/div>\n\t\t<\/section>\n\t\t\t\t<section class=\"elementor-section elementor-top-section elementor-element elementor-element-1afa8f0 elementor-section-boxed elementor-section-height-default elementor-section-height-default\" data-id=\"1afa8f0\" data-element_type=\"section\" data-e-type=\"section\">\n\t\t\t\t\t\t<div class=\"elementor-container elementor-column-gap-default\">\n\t\t\t\t\t<div class=\"elementor-column elementor-col-50 elementor-top-column elementor-element elementor-element-8da7eb3\" data-id=\"8da7eb3\" data-element_type=\"column\" data-e-type=\"column\">\n\t\t\t<div class=\"elementor-widget-wrap elementor-element-populated\">\n\t\t\t\t\t\t<div class=\"elementor-element elementor-element-2bd30ff elementor-widget elementor-widget-image\" data-id=\"2bd30ff\" data-element_type=\"widget\" data-e-type=\"widget\" data-widget_type=\"image.default\">\n\t\t\t\t<div class=\"elementor-widget-container\">\n\t\t\t\t\t\t\t\t\t\t\t\t<figure class=\"wp-caption\">\n\t\t\t\t\t\t\t\t\t\t\t<a href=\"https:\/\/sistemafibra.alexholanda.com.br\/fibra\/wp-content\/uploads\/sites\/6\/2021\/11\/presidente-fibra-jamal-bittar-g.jpg\" data-elementor-open-lightbox=\"yes\" data-elementor-lightbox-title=\"IMG_7737\" data-e-action-hash=\"#elementor-action%3Aaction%3Dlightbox%26settings%3DeyJpZCI6ODMwLCJ1cmwiOiJodHRwczpcL1wvc2lzdGVtYWZpYnJhLmFsZXhob2xhbmRhLmNvbS5iclwvZmlicmFcL3dwLWNvbnRlbnRcL3VwbG9hZHNcL3NpdGVzXC82XC8yMDExXC8xMFwvSU1HXzc3MzcuanBnIn0%3D\">\n\t\t\t\t\t\t\t<img fetchpriority=\"high\" decoding=\"async\" width=\"354\" height=\"236\" src=\"https:\/\/sistemafibra.alexholanda.com.br\/fibra\/wp-content\/uploads\/sites\/6\/2011\/10\/IMG_7737.jpg\" class=\"attachment-large size-large wp-image-830\" alt=\"IMG_7737\" srcset=\"https:\/\/sistemafibra.alexholanda.com.br\/fibra\/wp-content\/uploads\/sites\/6\/2011\/10\/IMG_7737.jpg 354w, https:\/\/sistemafibra.alexholanda.com.br\/fibra\/wp-content\/uploads\/sites\/6\/2011\/10\/IMG_7737-300x200.jpg 300w\" sizes=\"(max-width: 354px) 100vw, 354px\" \/>\t\t\t\t\t\t\t\t<\/a>\n\t\t\t\t\t\t\t\t\t\t\t<figcaption class=\"widget-image-caption wp-caption-text\"><\/figcaption>\n\t\t\t\t\t\t\t\t\t\t<\/figure>\n\t\t\t\t\t\t\t\t\t<\/div>\n\t\t\t\t<\/div>\n\t\t\t\t\t<\/div>\n\t\t<\/div>\n\t\t\t\t<div class=\"elementor-column elementor-col-50 elementor-top-column elementor-element elementor-element-5aa3979\" data-id=\"5aa3979\" data-element_type=\"column\" data-e-type=\"column\">\n\t\t\t<div class=\"elementor-widget-wrap elementor-element-populated\">\n\t\t\t\t\t\t<div class=\"elementor-element elementor-element-88d3d5f elementor-widget elementor-widget-text-editor\" data-id=\"88d3d5f\" data-element_type=\"widget\" data-e-type=\"widget\" data-widget_type=\"text-editor.default\">\n\t\t\t\t<div class=\"elementor-widget-container\">\n\t\t\t\t\t\t\t\t\t<p><span style=\"font-size: 14pt;\">A Federa\u00e7\u00e3o das Ind\u00fastrias do Distrito Federal (Fibra) \u00e9 presidida por Jamal Jorge Bittar desde 2014. Empres\u00e1rio do setor metalomec\u00e2nico, Bittar foi reconduzido, em 2018, ao cargo de presidente por mais quatro anos. O segundo mandato seguir\u00e1 at\u00e9 outubro de 2022.\u00a0<\/span><\/p><p>\u00a0<\/p><h2><span style=\"font-size: 12pt;\"><b>Diretoria 2018-2022<\/b>\u00a0<\/span><\/h2><p><span style=\"font-size: 12pt;\"><b>Presidente:<\/b>\u202fJamal\u00a0Jorge\u00a0Bittar\u00a0<\/span><\/p><p><span style=\"font-size: 12pt;\"><b>1\u00ba Vice-Presidente:\u202f<\/b>Pedro Henrique\u00a0Achcar\u00a0Verano\u00a0<\/span><\/p><p><span style=\"font-size: 12pt;\"><b>2\u00aa Vice-Presidente:<\/b>\u202fDanielle\u00a0Cristine\u00a0Ribeiro Bastardo\u00a0<\/span><\/p><p><span style=\"font-size: 12pt;\"><b>Diretor Secret\u00e1rio:<\/b>\u202fPaulo Eduardo Montenegro de\u00a0\u00c1villa\u00a0e Silva\u00a0<\/span><\/p><p><span style=\"font-size: 12pt;\"><b>Vice-Diretor Secret\u00e1rio:<\/b>\u202f\u00c9lvio\u00a0Barbosa de Sousa J\u00fanior\u00a0<\/span><\/p><p><span style=\"font-size: 12pt;\"><b>Diretor Financeiro:<\/b>\u202fWalid\u00a0de Melo Pires\u00a0Sariedine\u00a0<\/span><\/p><p><span style=\"font-size: 12pt;\"><b>Vice-Diretor Financeiro:<\/b>\u202fGuillermo Amaral\u00a0Funes\u00a0<\/span><\/p><p><span style=\"font-size: 12pt;\"><b>Diretor de Rela\u00e7\u00f5es do Trabalho e Apoio Sindical:<\/b>\u202fFernando Antonio Bezerra\u00a0Japiassu\u00a0<\/span><\/p><p><span style=\"font-size: 12pt;\"><b>Vice-Diretor de Rela\u00e7\u00f5es do Trabalho e Apoio Sindical:<\/b>\u202fAlexander Kurt\u00a0Hammerschmidt\u00a0<\/span><\/p><p><span style=\"font-size: 12pt;\"><b>Diretor de Inova\u00e7\u00e3o e Desenvolvimento Tecnol\u00f3gico:<\/b>\u202fGraciom\u00e1rio\u00a0de Queir\u00f3z\u00a0<\/span><\/p><p><span style=\"font-size: 12pt;\"><b>Vice-Diretora de Inova\u00e7\u00e3o e Desenvolvimento Tecnol\u00f3gico:<\/b>\u202fSuely Maria Silva\u00a0<\/span><\/p><p><span style=\"font-size: 12pt;\"><b>Diretor de Assuntos Institucionais e Governamentais:<\/b>\u202fElson\u00a0Ribeiro e\u00a0P\u00f3voa\u00a0<\/span><\/p><p><span style=\"font-size: 12pt;\"><b>Vice-Diretor de Assuntos Institucionais e Governamentais:<\/b>\u202fMarcontoni\u00a0Bites\u00a0Montezuma\u00a0<\/span><\/p><p><span style=\"font-size: 12pt;\"><b>Diretor de Meio Ambiente e Sustentabilidade:<\/b>\u202fDario de Souza Clementino\u00a0<\/span><\/p><p><span style=\"font-size: 12pt;\"><b>Vice-Diretora de Meio Ambiente e Sustentabilidade:<\/b>\u202fMirelle\u00a0Antunes Corr\u00eaa\u00a0<\/span><\/p><p>\u00a0<\/p><p><span style=\"font-size: 12pt;\"><b>Vice-Presidentes:<\/b>\u00a0<\/span><br \/><span style=\"font-size: 12pt;\">Amir Miguel de Souza\u00a0<\/span><br \/><span style=\"font-size: 12pt;\">Jorge Luiz Salom\u00e3o\u00a0<\/span><br \/><span style=\"font-size: 12pt;\">J\u00falio C\u00e9sar Medeiros de Oliveira\u00a0<\/span><br \/><span style=\"font-size: 12pt;\">Karina de Lima Ferreira\u00a0<\/span><br \/><span style=\"font-size: 12pt;\">Ruyter\u00a0Kepler de\u00a0Thuin\u00a0<\/span><br \/><span style=\"font-size: 12pt;\">Luiz Afonso Delgado Assad\u00a0<\/span><br \/><span style=\"font-size: 12pt;\">Maurino\u00a0Almeida Ramos\u00a0<\/span><br \/><span style=\"font-size: 12pt;\">Mauro S\u00edrio Simon\u00a0<\/span><br \/><span style=\"font-size: 12pt;\">Pedro Moraes Nicola\u00a0<\/span><br \/><span style=\"font-size: 12pt;\">Ronaldo Francisco Santos\u00a0<\/span><\/p><p>\u00a0<\/p><p><span style=\"font-size: 12pt;\"><b>Diretores:<\/b>\u00a0<\/span><br \/><span style=\"font-size: 12pt;\">Daniel Borges Gomes\u00a0<\/span><br \/><span style=\"font-size: 12pt;\">F\u00e1bio\u00a0Carib\u00e9\u00a0de Ara\u00fajo Galv\u00e3o\u00a0<\/span><br \/><span style=\"font-size: 12pt;\">Fernando Ant\u00f4nio Santos\u00a0Olivieri\u00a0<\/span><br \/><span style=\"font-size: 12pt;\">Jo\u00e3o Batista Alves dos Santos\u00a0<\/span><br \/><span style=\"font-size: 12pt;\">Jos\u00e9 Ol\u00edmpio Neto\u00a0<\/span><br \/><span style=\"font-size: 12pt;\">Lucimeire\u00a0Aparecida da Silva Morais\u00a0<\/span><br \/><span style=\"font-size: 12pt;\">Marcelo Machado Guimar\u00e3es\u202f\u00a0<\/span><br \/><span style=\"font-size: 12pt;\">Marcelo Patr\u00edcio Lessa Lopes\u00a0<\/span><br \/><span style=\"font-size: 12pt;\">Paulo Roberto de Moraes Muniz\u00a0<\/span><br \/><span style=\"font-size: 12pt;\">Paulo Roberto de Souza\u00a0<\/span><br \/><span style=\"font-size: 12pt;\">Paulo S\u00e9rgio Dias Lopes\u00a0<\/span><br \/><span style=\"font-size: 12pt;\">Ricardo de Figueiredo Caldas\u00a0<\/span><br \/><span style=\"font-size: 12pt;\">Rosana Aparecida Silva Souza Aguiar\u00a0<\/span><br \/><span style=\"font-size: 12pt;\">S\u00e9rgio Leandro Galv\u00e3o de Souza\u00a0<\/span><br \/><span style=\"font-size: 12pt;\">Walquiria\u00a0Pereira Aires\u00a0<\/span><\/p><p>\u00a0<\/p><p><span style=\"font-size: 12pt;\"><b>Conselho Fiscal:<\/b>\u00a0<\/span><\/p><p><span style=\"font-size: 12pt;\"><b>Titulares<\/b>\u00a0<\/span><br \/><span style=\"font-size: 12pt;\">Deyr\u00a0Corr\u00eaa\u00a0<\/span><br \/><span style=\"font-size: 12pt;\">Deusdete\u00a0Bernardes da Silva\u00a0<\/span><br \/><span style=\"font-size: 12pt;\">Leonardo Oliveira de \u00c1vila\u00a0<\/span><\/p><p><span style=\"font-size: 12pt;\"><b>Suplentes<\/b>\u00a0<\/span><br \/><span style=\"font-size: 12pt;\">Jobson\u00a0Theiss\u00a0Marques\u00a0<\/span><br \/><span style=\"font-size: 12pt;\">Ricardo Augusto Vilela do Nascimento\u00a0<\/span><\/p><p>\u00a0<\/p><p><span style=\"font-size: 12pt;\"><b>Delegados Representantes junto \u00e0 CNI:<\/b>\u00a0<\/span><\/p><p><span style=\"font-size: 12pt;\"><b>Titulares<\/b>\u00a0<\/span><br \/><span style=\"font-size: 12pt;\">Jamal\u00a0Jorge\u00a0Bittar\u00a0<\/span><br \/><span style=\"font-size: 12pt;\">Elson\u00a0Ribeiro e\u00a0P\u00f3voa\u00a0<\/span><\/p><p><span style=\"font-size: 12pt;\"><b>Suplente<\/b>\u00a0<\/span><br \/><span style=\"font-size: 12pt;\">Pedro Henrique\u00a0Achcar\u00a0Verano\u00a0<\/span><br \/><span style=\"font-size: 12pt;\">Ricardo de Figueiredo Caldas\u00a0<\/span><\/p>\t\t\t\t\t\t\t\t<\/div>\n\t\t\t\t<\/div>\n\t\t\t\t\t<\/div>\n\t\t<\/div>\n\t\t\t\t\t<\/div>\n\t\t<\/section>\n\t\t\t\t<\/div>\n\t\t","protected":false},"excerpt":{"rendered":"<p>Diretoria A Federa\u00e7\u00e3o das Ind\u00fastrias do Distrito Federal (Fibra) \u00e9 presidida por Jamal Jorge Bittar desde 2014. Empres\u00e1rio do setor metalomec\u00e2nico, Bittar foi reconduzido, em 2018, ao cargo de presidente por mais quatro anos. O segundo mandato seguir\u00e1 at\u00e9 outubro de 2022.\u00a0 \u00a0 Diretoria 2018-2022\u00a0 Presidente:\u202fJamal\u00a0Jorge\u00a0Bittar\u00a0 1\u00ba Vice-Presidente:\u202fPedro Henrique\u00a0Achcar\u00a0Verano\u00a0 2\u00aa Vice-Presidente:\u202fDanielle\u00a0Cristine\u00a0Ribeiro Bastardo\u00a0 Diretor Secret\u00e1rio:\u202fPaulo Eduardo [&hellip;]<\/p>\n","protected":false},"author":2,"featured_media":0,"parent":0,"menu_order":0,"comment_status":"closed","ping_status":"closed","template":"elementor_header_footer","meta":{"_acf_changed":false,"footnotes":""},"tipo_de_conteudo":[],"class_list":["post-10168","page","type-page","status-publish","hentry"],"acf":[],"yoast_head":"<!-- This site is optimized with the Yoast SEO plugin v27.5 - https:\/\/yoast.com\/product\/yoast-seo-wordpress\/ -->\n<title>Diretoria - Fibra<\/title>\n<meta name=\"robots\" content=\"index, follow, max-snippet:-1, max-image-preview:large, max-video-preview:-1\" \/>\n<link rel=\"canonical\" href=\"https:\/\/sistemafibra.alexholanda.com.br\/fibra\/elementor-828\/\" \/>\n<meta property=\"og:locale\" content=\"pt_BR\" \/>\n<meta property=\"og:type\" content=\"article\" \/>\n<meta property=\"og:title\" content=\"Diretoria - Fibra\" \/>\n<meta property=\"og:description\" content=\"Diretoria A Federa\u00e7\u00e3o das Ind\u00fastrias do Distrito Federal (Fibra) \u00e9 presidida por Jamal Jorge Bittar desde 2014. Empres\u00e1rio do setor metalomec\u00e2nico, Bittar foi reconduzido, em 2018, ao cargo de presidente por mais quatro anos. O segundo mandato seguir\u00e1 at\u00e9 outubro de 2022.\u00a0 \u00a0 Diretoria 2018-2022\u00a0 Presidente:\u202fJamal\u00a0Jorge\u00a0Bittar\u00a0 1\u00ba Vice-Presidente:\u202fPedro Henrique\u00a0Achcar\u00a0Verano\u00a0 2\u00aa Vice-Presidente:\u202fDanielle\u00a0Cristine\u00a0Ribeiro Bastardo\u00a0 Diretor Secret\u00e1rio:\u202fPaulo Eduardo [&hellip;]\" \/>\n<meta property=\"og:url\" content=\"https:\/\/sistemafibra.alexholanda.com.br\/fibra\/elementor-828\/\" \/>\n<meta property=\"og:site_name\" content=\"Fibra\" \/>\n<meta property=\"article:publisher\" content=\"https:\/\/www.facebook.com\/fibradf\" \/>\n<meta property=\"article:modified_time\" content=\"2022-04-12T09:21:14+00:00\" \/>\n<meta property=\"og:image\" content=\"https:\/\/sistemafibra.alexholanda.com.br\/fibra\/wp-content\/uploads\/sites\/6\/2011\/10\/IMG_7737.jpg\" \/>\n<meta name=\"twitter:card\" content=\"summary_large_image\" \/>\n<meta name=\"twitter:site\" content=\"@fibradf\" \/>\n<meta name=\"twitter:label1\" content=\"Est. tempo de leitura\" \/>\n\t<meta name=\"twitter:data1\" content=\"2 minutos\" \/>\n<script type=\"application\/ld+json\" class=\"yoast-schema-graph\">{\"@context\":\"https:\\\/\\\/schema.org\",\"@graph\":[{\"@type\":\"WebPage\",\"@id\":\"https:\\\/\\\/sistemafibra.alexholanda.com.br\\\/fibra\\\/elementor-828\\\/\",\"url\":\"https:\\\/\\\/sistemafibra.alexholanda.com.br\\\/fibra\\\/elementor-828\\\/\",\"name\":\"Diretoria - Fibra\",\"isPartOf\":{\"@id\":\"https:\\\/\\\/sistemafibra.alexholanda.com.br\\\/fibra\\\/#website\"},\"primaryImageOfPage\":{\"@id\":\"https:\\\/\\\/sistemafibra.alexholanda.com.br\\\/fibra\\\/elementor-828\\\/#primaryimage\"},\"image\":{\"@id\":\"https:\\\/\\\/sistemafibra.alexholanda.com.br\\\/fibra\\\/elementor-828\\\/#primaryimage\"},\"thumbnailUrl\":\"https:\\\/\\\/sistemafibra.alexholanda.com.br\\\/fibra\\\/wp-content\\\/uploads\\\/sites\\\/6\\\/2011\\\/10\\\/IMG_7737.jpg\",\"datePublished\":\"2021-11-25T18:52:17+00:00\",\"dateModified\":\"2022-04-12T09:21:14+00:00\",\"breadcrumb\":{\"@id\":\"https:\\\/\\\/sistemafibra.alexholanda.com.br\\\/fibra\\\/elementor-828\\\/#breadcrumb\"},\"inLanguage\":\"pt-BR\",\"potentialAction\":[{\"@type\":\"ReadAction\",\"target\":[\"https:\\\/\\\/sistemafibra.alexholanda.com.br\\\/fibra\\\/elementor-828\\\/\"]}]},{\"@type\":\"ImageObject\",\"inLanguage\":\"pt-BR\",\"@id\":\"https:\\\/\\\/sistemafibra.alexholanda.com.br\\\/fibra\\\/elementor-828\\\/#primaryimage\",\"url\":\"https:\\\/\\\/sistemafibra.alexholanda.com.br\\\/fibra\\\/wp-content\\\/uploads\\\/sites\\\/6\\\/2011\\\/10\\\/IMG_7737.jpg\",\"contentUrl\":\"https:\\\/\\\/sistemafibra.alexholanda.com.br\\\/fibra\\\/wp-content\\\/uploads\\\/sites\\\/6\\\/2011\\\/10\\\/IMG_7737.jpg\",\"width\":354,\"height\":236,\"caption\":\"IMG_7737\"},{\"@type\":\"BreadcrumbList\",\"@id\":\"https:\\\/\\\/sistemafibra.alexholanda.com.br\\\/fibra\\\/elementor-828\\\/#breadcrumb\",\"itemListElement\":[{\"@type\":\"ListItem\",\"position\":1,\"name\":\"\",\"item\":\"https:\\\/\\\/sistemafibra.alexholanda.com.br\\\/fibra\\\/\"},{\"@type\":\"ListItem\",\"position\":2,\"name\":\"Diretoria\"}]},{\"@type\":\"WebSite\",\"@id\":\"https:\\\/\\\/sistemafibra.alexholanda.com.br\\\/fibra\\\/#website\",\"url\":\"https:\\\/\\\/sistemafibra.alexholanda.com.br\\\/fibra\\\/\",\"name\":\"Fibra\",\"description\":\"Nosso novo portal\",\"publisher\":{\"@id\":\"https:\\\/\\\/sistemafibra.alexholanda.com.br\\\/fibra\\\/#organization\"},\"potentialAction\":[{\"@type\":\"SearchAction\",\"target\":{\"@type\":\"EntryPoint\",\"urlTemplate\":\"https:\\\/\\\/sistemafibra.alexholanda.com.br\\\/fibra\\\/?s={search_term_string}\"},\"query-input\":{\"@type\":\"PropertyValueSpecification\",\"valueRequired\":true,\"valueName\":\"search_term_string\"}}],\"inLanguage\":\"pt-BR\"},{\"@type\":\"Organization\",\"@id\":\"https:\\\/\\\/sistemafibra.alexholanda.com.br\\\/fibra\\\/#organization\",\"name\":\"Fibra\",\"url\":\"https:\\\/\\\/sistemafibra.alexholanda.com.br\\\/fibra\\\/\",\"logo\":{\"@type\":\"ImageObject\",\"inLanguage\":\"pt-BR\",\"@id\":\"https:\\\/\\\/sistemafibra.alexholanda.com.br\\\/fibra\\\/#\\\/schema\\\/logo\\\/image\\\/\",\"url\":\"https:\\\/\\\/sistemafibra.alexholanda.com.br\\\/fibra\\\/wp-content\\\/uploads\\\/sites\\\/6\\\/2021\\\/11\\\/logofibra.png\",\"contentUrl\":\"https:\\\/\\\/sistemafibra.alexholanda.com.br\\\/fibra\\\/wp-content\\\/uploads\\\/sites\\\/6\\\/2021\\\/11\\\/logofibra.png\",\"width\":180,\"height\":55,\"caption\":\"Fibra\"},\"image\":{\"@id\":\"https:\\\/\\\/sistemafibra.alexholanda.com.br\\\/fibra\\\/#\\\/schema\\\/logo\\\/image\\\/\"},\"sameAs\":[\"https:\\\/\\\/www.facebook.com\\\/fibradf\",\"https:\\\/\\\/x.com\\\/fibradf\",\"https:\\\/\\\/www.instagram.com\\\/fibra_df\\\/\",\"https:\\\/\\\/www.linkedin.com\\\/company\\\/sistemafibra\\\/\",\"https:\\\/\\\/www.youtube.com\\\/tvfibra\"]}]}<\/script>\n<!-- \/ Yoast SEO plugin. -->","yoast_head_json":{"title":"Diretoria - Fibra","robots":{"index":"index","follow":"follow","max-snippet":"max-snippet:-1","max-image-preview":"max-image-preview:large","max-video-preview":"max-video-preview:-1"},"canonical":"https:\/\/sistemafibra.alexholanda.com.br\/fibra\/elementor-828\/","og_locale":"pt_BR","og_type":"article","og_title":"Diretoria - Fibra","og_description":"Diretoria A Federa\u00e7\u00e3o das Ind\u00fastrias do Distrito Federal (Fibra) \u00e9 presidida por Jamal Jorge Bittar desde 2014. Empres\u00e1rio do setor metalomec\u00e2nico, Bittar foi reconduzido, em 2018, ao cargo de presidente por mais quatro anos. O segundo mandato seguir\u00e1 at\u00e9 outubro de 2022.\u00a0 \u00a0 Diretoria 2018-2022\u00a0 Presidente:\u202fJamal\u00a0Jorge\u00a0Bittar\u00a0 1\u00ba Vice-Presidente:\u202fPedro Henrique\u00a0Achcar\u00a0Verano\u00a0 2\u00aa Vice-Presidente:\u202fDanielle\u00a0Cristine\u00a0Ribeiro Bastardo\u00a0 Diretor Secret\u00e1rio:\u202fPaulo Eduardo [&hellip;]","og_url":"https:\/\/sistemafibra.alexholanda.com.br\/fibra\/elementor-828\/","og_site_name":"Fibra","article_publisher":"https:\/\/www.facebook.com\/fibradf","article_modified_time":"2022-04-12T09:21:14+00:00","og_image":[{"url":"https:\/\/sistemafibra.alexholanda.com.br\/fibra\/wp-content\/uploads\/sites\/6\/2011\/10\/IMG_7737.jpg","type":"","width":"","height":""}],"twitter_card":"summary_large_image","twitter_site":"@fibradf","twitter_misc":{"Est. tempo de leitura":"2 minutos"},"schema":{"@context":"https:\/\/schema.org","@graph":[{"@type":"WebPage","@id":"https:\/\/sistemafibra.alexholanda.com.br\/fibra\/elementor-828\/","url":"https:\/\/sistemafibra.alexholanda.com.br\/fibra\/elementor-828\/","name":"Diretoria - Fibra","isPartOf":{"@id":"https:\/\/sistemafibra.alexholanda.com.br\/fibra\/#website"},"primaryImageOfPage":{"@id":"https:\/\/sistemafibra.alexholanda.com.br\/fibra\/elementor-828\/#primaryimage"},"image":{"@id":"https:\/\/sistemafibra.alexholanda.com.br\/fibra\/elementor-828\/#primaryimage"},"thumbnailUrl":"https:\/\/sistemafibra.alexholanda.com.br\/fibra\/wp-content\/uploads\/sites\/6\/2011\/10\/IMG_7737.jpg","datePublished":"2021-11-25T18:52:17+00:00","dateModified":"2022-04-12T09:21:14+00:00","breadcrumb":{"@id":"https:\/\/sistemafibra.alexholanda.com.br\/fibra\/elementor-828\/#breadcrumb"},"inLanguage":"pt-BR","potentialAction":[{"@type":"ReadAction","target":["https:\/\/sistemafibra.alexholanda.com.br\/fibra\/elementor-828\/"]}]},{"@type":"ImageObject","inLanguage":"pt-BR","@id":"https:\/\/sistemafibra.alexholanda.com.br\/fibra\/elementor-828\/#primaryimage","url":"https:\/\/sistemafibra.alexholanda.com.br\/fibra\/wp-content\/uploads\/sites\/6\/2011\/10\/IMG_7737.jpg","contentUrl":"https:\/\/sistemafibra.alexholanda.com.br\/fibra\/wp-content\/uploads\/sites\/6\/2011\/10\/IMG_7737.jpg","width":354,"height":236,"caption":"IMG_7737"},{"@type":"BreadcrumbList","@id":"https:\/\/sistemafibra.alexholanda.com.br\/fibra\/elementor-828\/#breadcrumb","itemListElement":[{"@type":"ListItem","position":1,"name":"","item":"https:\/\/sistemafibra.alexholanda.com.br\/fibra\/"},{"@type":"ListItem","position":2,"name":"Diretoria"}]},{"@type":"WebSite","@id":"https:\/\/sistemafibra.alexholanda.com.br\/fibra\/#website","url":"https:\/\/sistemafibra.alexholanda.com.br\/fibra\/","name":"Fibra","description":"Nosso novo portal","publisher":{"@id":"https:\/\/sistemafibra.alexholanda.com.br\/fibra\/#organization"},"potentialAction":[{"@type":"SearchAction","target":{"@type":"EntryPoint","urlTemplate":"https:\/\/sistemafibra.alexholanda.com.br\/fibra\/?s={search_term_string}"},"query-input":{"@type":"PropertyValueSpecification","valueRequired":true,"valueName":"search_term_string"}}],"inLanguage":"pt-BR"},{"@type":"Organization","@id":"https:\/\/sistemafibra.alexholanda.com.br\/fibra\/#organization","name":"Fibra","url":"https:\/\/sistemafibra.alexholanda.com.br\/fibra\/","logo":{"@type":"ImageObject","inLanguage":"pt-BR","@id":"https:\/\/sistemafibra.alexholanda.com.br\/fibra\/#\/schema\/logo\/image\/","url":"https:\/\/sistemafibra.alexholanda.com.br\/fibra\/wp-content\/uploads\/sites\/6\/2021\/11\/logofibra.png","contentUrl":"https:\/\/sistemafibra.alexholanda.com.br\/fibra\/wp-content\/uploads\/sites\/6\/2021\/11\/logofibra.png","width":180,"height":55,"caption":"Fibra"},"image":{"@id":"https:\/\/sistemafibra.alexholanda.com.br\/fibra\/#\/schema\/logo\/image\/"},"sameAs":["https:\/\/www.facebook.com\/fibradf","https:\/\/x.com\/fibradf","https:\/\/www.instagram.com\/fibra_df\/","https:\/\/www.linkedin.com\/company\/sistemafibra\/","https:\/\/www.youtube.com\/tvfibra"]}]}},"_links":{"self":[{"href":"https:\/\/sistemafibra.alexholanda.com.br\/fibra\/wp-json\/wp\/v2\/pages\/10168","targetHints":{"allow":["GET"]}}],"collection":[{"href":"https:\/\/sistemafibra.alexholanda.com.br\/fibra\/wp-json\/wp\/v2\/pages"}],"about":[{"href":"https:\/\/sistemafibra.alexholanda.com.br\/fibra\/wp-json\/wp\/v2\/types\/page"}],"author":[{"embeddable":true,"href":"https:\/\/sistemafibra.alexholanda.com.br\/fibra\/wp-json\/wp\/v2\/users\/2"}],"replies":[{"embeddable":true,"href":"https:\/\/sistemafibra.alexholanda.com.br\/fibra\/wp-json\/wp\/v2\/comments?post=10168"}],"version-history":[{"count":9,"href":"https:\/\/sistemafibra.alexholanda.com.br\/fibra\/wp-json\/wp\/v2\/pages\/10168\/revisions"}],"predecessor-version":[{"id":11759,"href":"https:\/\/sistemafibra.alexholanda.com.br\/fibra\/wp-json\/wp\/v2\/pages\/10168\/revisions\/11759"}],"wp:attachment":[{"href":"https:\/\/sistemafibra.alexholanda.com.br\/fibra\/wp-json\/wp\/v2\/media?parent=10168"}],"wp:term":[{"taxonomy":"tipo_de_conteudo","embeddable":true,"href":"https:\/\/sistemafibra.alexholanda.com.br\/fibra\/wp-json\/wp\/v2\/tipo_de_conteudo?post=10168"}],"curies":[{"name":"wp","href":"https:\/\/api.w.org\/{rel}","templated":true}]}}